 base 3.
-12220021220
What is 23112030 (base 4) in base 11?
31a11
-3e609 (base 15) to base 12
-98030
What is 4b034 (base 13) in base 8?
416326
What is 32303210220 (base 4) in base 3?
21022012002020
What is 226ec (base 15) in base 3?
12120022020
What is -11aac44 (base 13) in base 2?
-10101000000101010110110
Convert 2302302 (base 4) to base 9.
16623
Convert 130303050 (base 7) to base 15.
ada5b0
10011101010101000100001 (base 2) to base 8
23525041
What is -11014443441 (base 5) in base 8?
-55231067
Convert -327220 (base 9) to base 3.
-100221020200
What is -20112022220020 (base 3) in base 10?
-3470694
Convert -33635 (base 8) to base 13.
-6632
3aa6c (base 16) to base 12
b7038
Convert 10600133 (base 7) to base 10.
924458
What is -738828 (base 12) in base 16?
-1bc1a0
-45a91 (base 14) to base 12
-820a7
Convert 267594 (base 10) to base 11.
173058
317339 (base 12) to base 9
1417620
What is b38a1b (base 12) in base 16?
2af2b7
What is -22012010111 (base 3) in base 4?
-213112303
Convert 6372 (base 16) to base 10.
25458
-22300133 (base 5) to base 10
-196918
Convert -223aef (base 16) to base 12.
-902267
What is 2502201 (base 6) in base 2?
100000011001011001
What is 27ca4 (base 14) in base 5?
11123121
454051 (base 9) to base 14
7117d
-10100101101111001110101 (base 2) to base 3
-101012220210111
Convert 10211241224 (base 5) to base 15.
e0565e
-331006 (base 11) to base 4
-2001000131
5252002 (base 7) to base 14
127372
What is -10223302221 (base 4) in base 15?
-193c80
Convert -802953 (base 12) to base 13.
-54b36a
What is 864b5 (base 12) in base 11?
110a61
What is 101121323211 (base 4) in base 8?
21317345
What is -1a5c6b (base 13) in base 9?
-1231060
Convert 247143 (base 13) to base 6.
30411013
What is -1411244 (base 5) in base 3?
-1110201012
Convert -4481895 (base 10) to base 6.
-240021303
Convert -202525235 (base 6) to base 13.
-954b7b
Convert -d7a40 (base 15) to base 4.
-2213000130
-b242a (base 15) to base 13
-169c81
Convert -15242142 (base 6) to base 9.
-1004108
131300203011 (base 4) to base 8
35604305
Convert -25c617 (base 16) to base 10.
-2475543
Convert -218a38 (base 11) to base 10.
-348642
-66566 (base 10) to base 4
-100100012
e295f (base 16) to base 4
3202211133
What is -6554001 (base 8) in base 10?
-1759233
Convert a05a10 (base 12) to base 5.
1114422122
82589 (base 12) to base 3
22122102120
What is 2c2b1a (base 13) in base 16?
10a80a
Convert 64124 (base 11) to base 13.
33623
22467313 (base 8) to base 12
1772b23
Convert -133321020 (base 4) to base 10.
-130632
Convert 201162 (base 11) to base 12.
137346
Convert 20433240 (base 5) to base 10.
171070
6d2996 (base 15) to base 5
2314121131
What is 19bdb5 (base 14) in base 16?
dfbeb
What is 104b4dd (base 14) in base 16?
75b63b
301120 (base 9) to base 11
111796
What is 10001100000111100011010 (base 2) in base 8?
21407432
Convert 4d83 (base 16) to base 2.
100110110000011
Convert 1561440 (base 9) to base 6.
30330313
What is 613560 (base 7) in base 11?
71614
What is -121c1 (base 14) in base 6?
-540541
What is -649f18 (base 16) in base 3?
-110102000201101
What is 3252110 (base 6) in base 10?
162474
Convert -3215b1 (base 12) to base 8.
-3010025
Convert 14350103 (base 6) to base 16.
79317
-361441 (base 8) to base 5
-12424211
What is -217437 (base 10) in base 5?
-23424222
1001101100011010110 (base 2) to base 13
b177c
-8a060 (base 12) to base 14
-4aac8
What is 32221000 (base 5) in base 2?
1000010101101100010
-132201 (base 14) to base 11
-410099
-34b6a0 (base 14) to base 7
-21200560
Convert 77351 (base 10) to base 12.
3891b
-1d1cd8 (base 14) to base 6
-34202250
What is 33227415 (base 8) in base 11?
4048012
What is -1405835 (base 9) in base 16?
-bc77a
Convert 79054 (base 13) to base 6.
4413241
Convert -1250043 (base 6) to base 13.
-2537a
-1010011100101011111111 (base 2) to base 3
-12011011010100
123511421 (base 6) to base 13
669673
Convert 45063 (base 9) to base 8.
72372
Convert -4131041 (base 7) to base 13.
-1443b3
What is -552a6 (base 12) in base 14?
-2d126
What is -1010001111011001111 (base 2) in base 14?
-8a411
What is -1043425 (base 8) in base 3?
-112020120000
Convert -100011011001011 (base 2) to base 8.
-43313
-223b9 (base 13) to base 14
-18931
-1111001100100101 (base 2) to base 3
-10011101101
1301451 (base 6) to base 11
48968
What is 121557 (base 15) in base 10?
865207
14223021 (base 6) to base 14
c8c4d
6b3807 (base 12) to base 16
1a5bc7
-86599 (base 11) to base 10
-125827
What is 27a3a60 (base 12) in base 15?
a68ed3
Convert 24fef4 (base 16) to base 15.
32d5c9
What is 2304c5 (base 13) in base 16?
ca6b2
Convert 173717 (base 8) to base 10.
63439
-1200547 (base 13) to base 4
-111033323323
Convert 64542501 (base 7) to base 8.
25002571
What is 183381 (base 9) in base 6?
2235544
What is 1044323003 (base 5) in base 11?
1358470
Convert -103203323 (base 4) to base 3.
-11001220112
What is -112251553 (base 6) in base 7?
-23432340
What is -166229 (base 12) in base 13?
-1059a8
Convert -25044512 (base 8) to base 7.
-64644222
What is -5300011 (base 6) in base 7?
-2116102
1001100110011001000101 (base 2) to base 4
21212121011
Convert 104200504 (base 6) to base 7.
21665545
Convert 1732577 (base 8) to base 2.
1111011010101111111
What is c6ca6 (base 15) in base 13?
191052
-12a065 (base 15) to base 13
-254195
Convert 23200112110 (base 4) to base 7.
34431151
Convert 83abb (base 12) to base 5.
21011110
What is -2dcbb7 (base 15) in base 3?
-11011210022001
30641510 (base 8) to base 2
11000110100001101001000
What is -1669421 (base 13) in base 8?
-33511111
What is 700788 (base 10) in base 9?
1277263
What is 134120 (base 6) in base 10?
12576
352513 (base 11) to base 5
120402024
11001000011000011101111 (base 2) to base 15
89a7bc
-1c3859 (base 16) to base 9
-3427845
Convert 3522232 (base 6) to base 9.
306542
What is -18282a (base 16) in base 9?
-2872601
Convert -123233062 (base 7) to base 16.
-771f04
284861 (base 9) to base 14
476b3
What is 644b58 (base 12) in base 3?
2222111112012
191632 (base 10) to base 12
92a94
Convert a5b80 (base 13) to base 3.
120011112201
What is -1101110100011100001101 (base 2) in base 8?
-15643415
-1554683 (base 11) to base 13
-71ccc2
What is 1443203440 (base 5) in base 6?
215111013
Convert -2230132 (base 6) to base 2.
-11011100010101000
-8943c2 (base 14) to base 8
-21615546
Convert -2222602 (base 7) to base 8.
-1030410
What is 11100011110111100000 (base 2) in base 3?
1202102022022
Convert 1110111001111011101 (base 2) to base 9.
823871
What is -a60b7 (base 16) in base 13?
-1aa74b
2031329 (base 12) to base 14
b31bb3
Convert -997484 (base 10) to base 4.
-3303201230
Convert b2b961 (base 15) to base 10.
8493616
Convert 3023123003 (base 4) to base 16.
cb6c3
Convert 11330433 (base 5) to base 9.
170167
What is 1053078 (base 9) in base 14?
10a648
Convert 1315376 (base 8) to base 4.
1121223332
10201320240 (base 5) to base 6
1014341551
8a05b4 (base 13) to base 12
1110982
What is 4454535 (base 6) in base 7?
1625531
Convert -3ccbb9 (base 16) to base 9.
-7442404
What is 17460 (base 8) in base 16?
1f30
-34ca965 (base 13) to base 11
-9245447
What is -1288b0 (base 14) in base 16?
-9bd7a
-1b667 (base 16) to base 6
-2223331
Convert 132440444 (base 5) to base 12.
28463a
Convert 12213004 (base 5) to base 2.
11100011110010101
Convert -1037852 (base 11) to base 5.
-431411301
What is 1011101110001100110 (base 2) in base 3?
201111220000
Convert 224132131 (base 5) to base 8.
3653353
What is -504304 (base 8) in base 14?
-44752
Convert -1157440 (base 8) to base 7.
-2466541
24a7f (base 16) to base 2
100100101001111111
-23c1a (base 15) to base 13
-3cc1c
What is -10102010 (base 4) in base 12?
-a198
839148 (base 10) to base 12
345750
Convert -4243044 (base 5) to base 9.
-118250
Convert 4e789 (base 16) to base 7.
2506035
Convert 494794 (base 11) to base 2.
10111110111110100111
281aa2 (base 11) to base 15
8addd
What is -408870 (base 9) in base 11?
-156412
14352315 (base 6) to base 12
1bb69b
What is -31a7464 (base 12) in base 2?
-100011111101011111001100
4405 (base 14) to base 7
46205
Convert a68a15 (base 11) to base 15.
23bb05
Convert -36a18 (base 14) to base 2.
-100000101000111110
What is -112102112011 (base 3) in base 9?
-472464
What is 47329 (base 10) in base 16?
b8e1
What is 31221403 (base 5) in base 7?
2122252
-11100100100101001 (base 2) to base